Let t(i) = 12455*i - 124558. What is t(10)?
-8
Let r(p) = -36*p - 6041. Calculate r(-211).
1555
Let k(y) = 2042*y + 8923. What is k(-5)?
-1287
Let w(x) = -919617*x + 1839219. Determine w(2).
-15
Let w(s) = -891*s - 93280. Give w(-105).
275
Let z(u) = -7918*u - 213825. Calculate z(-27).
-39
Let h(f) = -18792*f - 7253716. What is h(-386)?
-4
Let b(r) = -r**3 - 58*r**2 + 663*r - 957. Determine b(-68).
199
Let r(z) = -49*z**3 - 345*z**2 - 55*z - 291. Give r(-7).
-4
Let u(d) = d**3 - 13*d**2 - 141*d + 63. Give u(20).
43
Let a(c) = -282*c - 3096. What is a(-10)?
-276
Let k(m) = m**2 + 96*m - 2301. Give k(20).
19
Let h(t) = 4296*t - 257759. Calculate h(60).
1
Let t(i) = 29*i + 160. Calculate t(-4).
44
Let y(l) = 5*l**2 + 421*l - 827. Give y(-86).
-53
Let o(b) = 743*b**2 - 12693*b + 18. Give o(17).
-1036
Let t(f) = -f**3 - 387*f**2 - 15684*f + 4. Give t(-46).
-88
Let y(c) = -c**3 - 5*c**2 - 38*c - 168. Give y(-7).
196
Let n(m) = 3*m**2 - 70*m - 30005. Give n(-89).
-12
Let g(l) = -l**2 - 193*l - 7692. Calculate g(-56).
-20
Let v(y) = 3*y**3 + 70*y**2 + 2417*y + 55032. Calculate v(-23).
-30
Let x(z) = -z**2 + 406*z - 15950. Determine x(44).
-22
Let s(w) = 187*w**2 - 48232*w - 3612. Give s(258).
0
Let t(f) = -952*f - 485457. Determine t(-510).
63
Let w(p) = -424395*p + 41166312. What is w(97)?
-3
Let z(l) = -4*l**2 - 389*l + 7770. Calculate z(21).
-2163
Let f(x) = 14918*x + 13321778. Give f(-893).
4
Let x(m) = 73*m - 1613. Determine x(13).
-664
Let j(y) = -y**2 - 924*y - 98525. Give j(-123).
-2
Let l(d) = 878*d - 1216. Determine l(2).
540
Let b(f) = -f**3 + 24*f**2 - 169*f + 1896. What is b(24)?
-2160
Let z(c) = -125*c**2 + 281*c - 1607. Determine z(6).
-4421
Let c(b) = -6*b**3 + 142*b**2 - 22407*b + 513244. What is c(23)?
-1
Let r(k) = k**2 - 21155*k + 359338. What is r(17)?
-8
Let v(r) = -6*r**2 + 207*r + 583. Calculate v(-3).
-92
Let c(k) = 22*k**3 + 84*k**2 + 146*k + 70. What is c(-1)?
-14
Let x(q) = -q**3 - 200*q**2 - 397*q - 11. Calculate x(-2).
-9
Let j(q) = -168*q - 71916. Give j(-428).
-12
Let u(i) = 148*i**3 - 876*i**2 - 57*i + 38. What is u(6)?
128
Let q(m) = 340697*m - 3747750. What is q(11)?
-83
Let w(j) = 61*j**2 - 3*j - 38. Determine w(-2).
212
Let g(x) = 27*x**2 - 20091*x - 17878. Give g(745).
2
Let d(a) = a**3 - 39*a**2 - 13633*a + 280272. Determine d(20).
12
Let s(p) = -182*p**2 + 15108*p - 151. Determine s(83).
15
Let h(k) = 21*k**2 + 13048*k + 81805. What is h(-615)?
10
Let y(l) = 77198*l - 1003610. Determine y(13).
-36
Let j(l) = -l**2 - 1587*l - 299586. Calculate j(-219).
6
Let w(d) = -3*d**3 - 129*d**2 + 145*d + 229. Give w(-44).
-343
Let v(q) = -339*q**2 - 9038*q - 3. What is v(-27)?
-3108
Let p(y) = 28*y**2 - 1779*y - 839. Give p(64).
-7
Let x(y) = -21360*y + 1810. Calculate x(0).
1810
Let t(u) = 6*u**3 + 1250*u**2 - 8598*u + 440. Calculate t(-215).
10
Let y(v) = 804*v - 131834. What is y(164)?
22
Let m(f) = 4*f**2 - 145*f - 92478. What is m(-135)?
-3
Let r(p) = 263*p**3 - 35*p**2 + 26*p + 6. What is r(1)?
260
Let d(u) = 1989*u + 6082. Determine d(-3).
115
Let d(z) = -z**3 - 376*z**2 + 809*z + 20113. Calculate d(-378).
79
Let b(y) = -9*y**2 + 937*y - 103. Determine b(104).
1
Let b(l) = 2*l**3 + 47*l**2 - 8*l + 150. Give b(-24).
-234
Let y(l) = -295*l**2 + 66975*l - 2287. Calculate y(227).
-17
Let l(c) = -c**2 - 1897*c + 11427. What is l(6)?
9
Let y(m) = -259*m**2 - 1530*m + 77. What is y(-6)?
-67
Let j(q) = 9*q**2 - 555*q - 2972. Give j(-5).
28
Let c(v) = v**2 + 211807*v + 5929821. What is c(-28)?
9
Let t(w) = 11*w**3 - 127*w**2 - 395*w - 62. Determine t(-3).
-317
Let w(p) = -1661*p - 6758. What is w(-5)?
1547
Let w(l) = -67*l**3 - 37*l**2 + 27*l + 28. Give w(-1).
31
Let y(o) = -674*o + 30388. Give y(44).
732
Let s(i) = -1099*i**2 - 26403*i - 652. What is s(-24)?
-4
Let u(p) = 3*p**3 - 86*p**2 + 604*p + 23. Determine u(7).
1066
Let f(a) = a**3 - 90*a**2 + 637*a + 7185. Give f(81).
-267
Let c(k) = -k**3 - 39*k**2 - 321*k - 210. Determine c(-11).
-67
Let x(j) = -543*j + 7566. Give x(13).
507
Let c(n) = n**3 + 20*n**2 - 186*n - 1556. What is c(-7)?
383
Let t(u) = 441109*u + 3969974. Calculate t(-9).
-7
Let h(j) = -7036*j - 302550. What is h(-43)?
-2
Let i(u) = -28*u**2 + 132*u + 93. Determine i(3).
237
Let l(j) = 51*j**2 + 295*j - 54746. Calculate l(30).
4
Let z(d) = -314*d - 71479. Calculate z(-226).
-515
Let r(q) = -84*q**2 + 3255*q - 14179. What is r(5)?
-4
Let y(v) = -60*v**2 + 244*v - 111. Give y(10).
-3671
Let b(y) = 46*y**2 - 17932*y + 32607. What is b(388)?
15
Let l(y) = 66*y**2 - 12533*y + 376. What is l(190)?
1706
Let n(t) = 17*t**2 - 9085*t + 53873. Determine n(6).
-25
Let w(h) = -h**3 - 187*h**2 + 2160*h + 235. Give w(11).
37
Let k(b) = 1008*b**2 + 5996*b - 2. Calculate k(-6).
310
Let i(b) = -20*b**2 - 233*b + 298. Give i(-13).
-53
Let p(j) = -j**3 - 3*j**2 + 117*j - 155. Calculate p(13).
-1338
Let v(x) = -203357*x**2 + 813421*x - 4. Determine v(4).
-32
Let v(d) = -3*d**2 + 479*d + 2393. Give v(-5).
-77
Let l(m) = -4*m**2 - 13*m + 1121. Calculate l(19).
-570
Let m(i) = -10323*i - 103177. What is m(-10)?
53
Let p(l) = 16*l**2 - 169*l + 168. Calculate p(10).
78
Let z(g) = -20651*g - 289035. Calculate z(-14).
79
Let c(p) = -p**3 - 35*p**2 - 85*p + 218. Calculate c(-32).
-134
Let b(u) = 2745*u + 554501. Determine b(-202).
11
Let k(c) = 3*c**3 + 51*c**2 + 101*c - 4. Determine k(-4).
216
Let d(r) = 116467*r + 8385615. Calculate d(-72).
-9
Let f(x) = 579*x + 175041. Determine f(-303).
-396
Let y(w) = -2*w**2 + 268*w - 5116. Calculate y(117).
-1138
Let u(d) = 34*d**2 - 1625*d + 30. Determine u(48).
366
Let x(l) = 6*l**3 + 449*l**2 - 14*l + 367. Give x(-75).
-4208
Let h(b) = b**2 - 45378*b - 272294. Determine h(-6).
10
Let s(f) = -f**3 - 186*f**2 - 4*f - 660. What is s(-186)?
84
Let z(v) = -v**2 + 651*v - 47117. Determine z(568).
27
Let k(w) = 26230*w + 577129. Determine k(-22).
69
Let v(h) = 6*h**3 - 161*h - 530. What is v(-3)?
-209
Let k(u) = -3*u**3 - 494*u**2 + 23*u - 23428. Calculate k(-165).
2
Let s(x) = -7246*x**2 + 1297033*x + 188. Give s(179).
9
Let d(n) = -n**3 + 40*n**2 + 6338*n + 837. What is d(-62)?
-31
Let m(v) = 5183*v - 15405. What is m(3)?
144
Let b(y) = 3*y**2 + 98*y + 430. Give b(-24).
-194
Let p(m) = -610*m - 100667. Calculate p(-165).
-17
Let m(w) = -w**3 - 25*w**2 + 96*w + 1635. Give m(-27).
501
Let y(i) = 500513*i - 13513861. What is y(27)?
-10
Let d(t) = -5*t**2 - 82*t - 655. Calculate d(-10).
-335
Let a(h) = -h**3 - 4*h**2 + 196934*h + 787727. Give a(-4).
-9
Let i(r) = r**3 + 202*r**2 + 2280*r - 640. Give i(-190).
-640
Let t(p) = 286298*p - 1145213. What is t(4)?
-21
Let q(m) = -m**3 - 51*m**2 + 250*m - 30. What is q(-56)?
1650
Let v(h) = 684*h**2 - 8407*h + 16815. Give v(2).
2737
Let t(f) = 15*f**2 - 4825*f - 34533. What is t(-7)?
-23
Let q(d) = 3*d**2 - 216*d + 499. Determine q(71).
286
Let y(t) = -t**3 + 48*t**2 + 259*t - 2595. What is y(52)?
57
Let i(l) = -8*l**2 - 2909*l - 17209. Calculate i(-6).
-43
Let t(m) = 222228*m - 2222278. What is t(10)?
2
Let s(j) = -j**3 + 105*j**2 - 1219*j - 26231. Calculate s(28).
5
Let u(m) = m**3 - 74*m**2 + 540*m + 858. Calculate u(66).
1650
Let p(r) = -6*r**2 - 184*r + 1298. What is p(-35)?
388
Let m(w) = -218*w**2 - 189772*w - 189773. Determine m(-1).
-219
Let i(o) = -179*o**2 + 2774*o + 4578. Calculate i(17).
5
Let w(k) = 6*k**2 - 291*k - 1818. Calculate w(-6).
144
Let w(d) = -20*d**3 + 6*d**2 + 229*d - 236. What is w(1)?
-21
Let v(p) = 9619*p + 384801. Calculate v(-40).
41
Let u(l) = 4*l**2 - 9414*l - 123063. Calculate u(-13).
-5
Let z(k) = -2365*k - 444647. Determine z(-188).
-27
Let r(x) = 3317*x + 149296. Calculate r(-45).
31
Let u(t) = -204*t**2 - 118*t + 212. What is u(2)?
-840
Let a(x) = 4*x**2 - 570*x - 1417. Determine a(145).
33
Let m(v) = -262*v + 5530. Calculate m(15).
1600
Let p(y) = -142*y + 17063. What is p(120)?
23
Let l(c) = -19*c**3 - 133*c**2 - 162*c - 1121. Determine l(-7).
13
Let q(o) = 52616*o - 525989. Give q(10).
171
Let h(z) = 11*z**2 + 2638*z + 2633. Calculate h(-1).
6
Let o(l) = -l**3 - 45*l**2 - 408*l - 379. Give o(-33).
17
Let u(l) = -7*l**2 - 9523*l - 2406706. Calculate u(-1025).
-6
Let i(n) = 7965*n - 3345294. What is i(420)?
6
Let a(i) = -494*i + 87925. Give a(178).
-7
Let r(x) = -37*x**2 + 1668*x - 208. Give r(45).
-73
Let x(r) =